157173 is divided by 12?
9
Calculate the remainder when 3422 is divided by 3409.
13
Calculate the remainder when 149577 is divided by 2671.
1
What is the remainder when 19778 is divided by 77?
66
Calculate the remainder when 237526 is divided by 184.
166
What is the remainder when 91746 is divided by 61?
2
Calculate the remainder when 9124 is divided by 903.
94
Calculate the remainder when 17506 is divided by 103.
99
Calculate the remainder when 192105 is divided by 32016.
9
What is the remainder when 23772 is divided by 20?
12
Calculate the remainder when 9839 is divided by 130.
89
What is the remainder when 36557 is divided by 3308?
169
What is the remainder when 20887 is divided by 327?
286
Calculate the remainder when 2060 is divided by 59.
54
Calculate the remainder when 710 is divided by 182.
164
What is the remainder when 399090 is divided by 14?
6
What is the remainder when 29037 is divided by 14518?
1
What is the remainder when 9948 is divided by 1327?
659
Calculate the remainder when 149451 is divided by 71.
67
Calculate the remainder when 109607 is divided by 4566.
23
What is the remainder when 21207 is divided by 471?
12
What is the remainder when 21433 is divided by 86?
19
What is the remainder when 4582 is divided by 2391?
2191
Calculate the remainder when 27961 is divided by 67.
22
What is the remainder when 1163518 is divided by 303?
301
What is the remainder when 1144 is divided by 126?
10
What is the remainder when 5202 is divided by 220?
142
Calculate the remainder when 3903 is divided by 165.
108
What is the remainder when 9520 is divided by 284?
148
What is the remainder when 375083 is divided by 16?
11
Calculate the remainder when 171 is divided by 16.
11
What is the remainder when 191026 is divided by 326?
316
Calculate the remainder when 156907 is divided by 94.
21
Calculate the remainder when 2618 is divided by 238.
0
Calculate the remainder when 4733 is divided by 252.
197
Calculate the remainder when 2622 is divided by 890.
842
Calculate the remainder when 1711 is divided by 106.
15
What is the remainder when 1604281 is divided by 101?
98
What is the remainder when 223 is divided by 95?
33
Calculate the remainder when 731 is divided by 244.
243
What is the remainder when 4457048 is divided by 13?
11
Calculate the remainder when 1308300 is divided by 1165.
5
Calculate the remainder when 1776 is divided by 1722.
54
Calculate the remainder when 9751 is divided by 4844.
63
What is the remainder when 6403 is divided by 24?
19
Calculate the remainder when 899425 is divided by 142.
139
What is the remainder when 33166 is divided by 381?
19
What is the remainder when 630118 is divided by 4?
2
Calculate the remainder when 2091 is divided by 300.
291
Calculate the remainder when 116049 is divided by 145.
49
What is the remainder when 10080 is divided by 2015?
5
What is the remainder when 3929 is divided by 15?
14
Calculate the remainder when 10413 is divided by 240.
93
Calculate the remainder when 2195 is divided by 200.
195
Calculate the remainder when 57957 is divided by 86.
79
Calculate the remainder when 1169 is divided by 46.
19
Calculate the remainder when 2973 is divided by 114.
9
Calculate the remainder when 1491420 is divided by 28140.
0
What is the remainder when 530598 is divided by 758?
756
What is the remainder when 6873 is divided by 121?
97
Calculate the remainder when 456141 is divided by 24.
21
Calculate the remainder when 699 is divided by 189.
132
Calculate the remainder when 1961 is divided by 23.
6
What is the remainder when 2174 is divided by 334?
170
What is the remainder when 253682 is divided by 104?
26
What is the remainder when 87682 is divided by 194?
188
Calculate the remainder when 344528 is divided by 56.
16
Calculate the remainder when 220248 is divided by 19.
0
What is the remainder when 1022285 is divided by 3489?
8
Calculate the remainder when 1561 is divided by 206.
119
What is the remainder when 5749 is divided by 149?
87
Calculate the remainder when 5260 is divided by 99.
13
Calculate the remainder when 236974 is divided by 111.
100
Calculate the remainder when 28888 is divided by 39.
28
Calculate the remainder when 8136 is divided by 4029.
78
What is the remainder when 68368 is divided by 81?
4
What is the remainder when 9189 is divided by 380?
69
Calculate the remainder when 5873 is divided by 255.
8
What is the remainder when 1281 is divided by 1043?
238
Calculate the remainder when 4465549 is divided by 28.
25
Calculate the remainder when 62817 is divided by 115.
27
Calculate the remainder when 617795 is divided by 511.
507
Calculate the remainder when 448602 is divided by 8972.
2
What is the remainder when 71125 is divided by 11853?
7
What is the remainder when 4181 is divided by 2086?
9
Calculate the remainder when 1007646 is divided by 18.
6
What is the remainder when 134315 is divided by 861?
860
What is the remainder when 6830 is divided by 504?
278
What is the remainder when 3802 is divided by 70?
22
Calculate the remainder when 31964 is divided by 62.
34
Calculate the remainder when 5366 is divided by 30.
26
What is the remainder when 25502 is divided by 13?
9
Calculate the remainder when 5822 is divided by 266.
236
What is the remainder when 9878 is divided by 244?
118
Calculate the remainder when 228434 is divided by 49.
45
Calculate the remainder when 31541 is divided by 132.
125
What is the remainder when 27825 is divided by 114?
9
What is the remainder when 4600 is divided by 1149?
4
What is the remainder when 1424578 is divided by 2643?
1
Calculate the remainder when 19203 is divided by 296.
259
Calculate the remainder when 829814 is divided by 1233.
5
What is the remainder when 482 is divided by 218?
46
Calculate the remainder when 1303959 is divided by 63.
48
Calculate the remainder when 67081 is divided by 72.
49
Calculate the remainder when 52855 is divided by 65.
10
What is the remainder when 3736 is divided by 3727?
9
What is the remainder when 9725 is divided by 62?
53
What is the remainder when 127408 is divided by 1535?
3
Calculate the remainder when 1253 is divided by 339.
236
Calculate the remainder when 43826 is divided by 45.
41
What is the remainder when 1665 is divided by 334?
329
Calculate the remainder when 8427 is divided by 2792.
51
What is the remainder when 31598 is divided by 200?
198
Calculate the remainder when 31968 is divided by 1228.
40
Calculate the remainder when 2197 is divided by 11.
8
What is the remainder when 1417 is divided by 250?
167
What is the remainder when 867501 is divided by 8?
5
What is the remainder when 726990 is divided by 181743?
18
What is the remainder when 25789 is divided by 115?
29
Calculate the remainder when 36655 is divided by 16.
15
What is the remainder when 1734 is divided by 1646?
88
What is the remainder when 15084 is divided by 419?
0
What is the remainder when 7701 is divided by 161?
134
Calculate the remainder when 3624 is divided by 627.
489
What is the remainder when 1420 is divided by 617?
186
Calculate the remainder when 28196 is divided by 25.
21
Calculate the remainder when 18503 is divided by 2572.
499
Calculate the remainder when 294462 is divided by 64.
62
What is the remainder when 25760 is divided by 93?
92
Calculate the remainder when 6380 is divided by 247.
205
Calculate the remainder when 6787 is divided by 748.
55
What is the remainder when 56451 is divided by 990?
21
Calculate the remainder when 559 is divided by 491.
68
What is the remainder when 7172 is divided by 896?
4
Calculate the remainder when 13909 is divided by 4634.
7
Calculate the remainder when 2338 is divided by 148.
118
What is the remainder when 13414 is divided by 1327?
144
Calculate the remainder when 4680 is divided by 3370.
1310
What is the remainder when 1035870 is divided by 10679?
7
Calculate the remainder when 2580 is divided by 24.
12
What is the remainder when 3747 is divided by 3689?
58
Calculate the remainder when 1802 is divided by 202.
186
Calculate the remainder when 2069 is divided by 2066.
3
Calculate the remainder when 33595 is divided by 35.
30
What is the remainder when 100206 is divided by 16?
14
Calculate the remainder when 131852 is divided by 5732.
16
Calculate the remainder when 8574 is divided by 8